{"id":209,"date":"2026-04-19T17:34:22","date_gmt":"2026-04-19T17:34:22","guid":{"rendered":"https:\/\/sigmundhegstad.no\/?page_id=209"},"modified":"2026-04-19T18:12:08","modified_gmt":"2026-04-19T18:12:08","slug":"den-barmhjertige-samaritan","status":"publish","type":"page","link":"https:\/\/sigmundhegstad.no\/index.php\/prosjekter\/den-barmhjertige-samaritan\/","title":{"rendered":"Den barmhjertige samaritan"},"content":{"rendered":"\n<figure class=\"wp-block-gallery alignwide has-nested-images columns-default is-cropped wp-block-gallery-1 is-layout-flex wp-block-gallery-is-layout-flex\">\n<figure class=\"wp-block-image size-large\"><img loading=\"lazy\" decoding=\"async\" width=\"1024\" height=\"683\" data-id=\"213\" src=\"https:\/\/sigmundhegstad.no\/wp-content\/uploads\/2026\/04\/Barmhj-sam-web-1024x683.jpg\" alt=\"\" class=\"wp-image-213\" srcset=\"https:\/\/sigmundhegstad.no\/wp-content\/uploads\/2026\/04\/Barmhj-sam-web-1024x683.jpg 1024w, https:\/\/sigmundhegstad.no\/wp-content\/uploads\/2026\/04\/Barmhj-sam-web-300x200.jpg 300w, https:\/\/sigmundhegstad.no\/wp-content\/uploads\/2026\/04\/Barmhj-sam-web-768x512.jpg 768w, https:\/\/sigmundhegstad.no\/wp-content\/uploads\/2026\/04\/Barmhj-sam-web.jpg 1080w\" sizes=\"auto, (max-width: 1024px) 100vw, 1024px\" \/><\/figure>\n<\/figure>\n\n\n\n<p><\/p>\n\n\n\n<h2 class=\"wp-block-heading alignwide\">Den barmhjertige samaritan<\/h2>\n\n\n\n<div class=\"wp-block-columns alignwide is-layout-flex wp-container-core-columns-is-layout-9d6595d7 wp-block-columns-is-layout-flex\">\n<div class=\"wp-block-column is-layout-flow wp-block-column-is-layout-flow\" style=\"flex-basis:100%\">\n<div class=\"wp-block-group\"><div class=\"wp-block-group__inner-container is-layout-constrained wp-block-group-is-layout-constrained\">\n<div class=\"wp-block-columns is-layout-flex wp-container-core-columns-is-layout-9d6595d7 wp-block-columns-is-layout-flex\">\n<div class=\"wp-block-column is-layout-flow wp-block-column-is-layout-flow\"><\/div>\n<\/div>\n<\/div><\/div>\n\n\n\n<p><em><strong>Et politisk danseteater om m\u00f8te med fattige tilreisende<\/strong><\/em><\/p>\n\n\n\n<p>Ideen og inspirasjonen til prosjektet fikk jeg gjennom mitt m\u00f8te med gatemusikant Madalin-Florin Lupu h\u00f8sten 2013. Media presenterer et unyansert bilde, men jeg \u00f8nsket \u00e5 bli kjent med situasjonen til de fattige tilreisende. Og det er det som er hovedm\u00e5lsetningen med dette prosjektet: \u00e5 gj\u00f8re folk kjent med de personlige historiene for \u00e5 bedre forst\u00e5 et st\u00f8rre politisk tema.<\/p>\n\n\n\n<p><\/p>\n\n\n\n<p>Forestillingen er delt opp i forskjellige episoder med f\u00f8lelsesmessig og analytisk tiln\u00e6rming. Den f\u00f8lelsesmessige tiln\u00e6rmingen er et fordypende \u00f8yeblikk i episodene som kommuniserer f\u00f8lelser knyttet til tigging og andre aspekter ved det \u00e5 reise ut pga. Et \u00f8konomisk behov. Den analytiske tiln\u00e6rmingen er det som binder episodene sammen. I l\u00f8pet av forestillingen kommer elementene som kategoriserer oss til \u00e5 bli tatt bort for \u00e5 vise at forskjellen p\u00e5 oss mennesker ikke er s\u00e5 stor.<\/p>\n\n\n\n<p><\/p>\n\n\n\n<p>Overraskelsesmoment i den bibelske lignelsen \u00abDen barmhjertige samaritan\u00bb er at det er en samaritan, et forhatt folkeslag, som er den som hjelper den trengende. Kanskje trenger vi en fattig tilreisende til \u00e5 l\u00e6re oss \u00e5 dele av v\u00e5r overflod og redde oss bort fra v\u00e5rt overmaterialistiske fokus?<\/p>\n\n\n\n<p>Dans og musikk er hovedvirkemidlene. Noen av episodene vil bli formidlet gjennom film, b\u00e5de fra gata i Oslo og fra Romania. Det blir ogs\u00e5 brukt tekst som virkemiddel.<\/p>\n\n\n\n<p><\/p>\n\n\n\n<p><\/p>\n\n\n\n<p>Prosjektet begynte utelukkende som et politisk kunstprosjekt, men har utviklet seg til ogs\u00e5 \u00e5 bli et sosialt prosjekt som skal skape arbeidsmuligheter for fattige tilreisende. Det er ogs\u00e5 arbeidsmuligheter bak scenen med oppgaver knyttet til kostymer, rekvisitter, program og billettsalg, matlaging, administrasjon og markedsf\u00f8ring..<\/p>\n<\/div>\n<\/div>\n\n\n\n<p><\/p>\n\n\n\n<p><\/p>\n\n\n\n<p><\/p>\n\n\n\n<figure class=\"wp-block-gallery has-nested-images columns-default is-cropped wp-block-gallery-2 is-layout-flex wp-block-gallery-is-layout-flex\"><\/figure>\n\n\n\n<div class=\"wp-block-columns is-layout-flex wp-container-core-columns-is-layout-9d6595d7 wp-block-columns-is-layout-flex\">\n<div class=\"wp-block-column is-layout-flow wp-block-column-is-layout-flow\">\n<div class=\"wp-block-columns is-layout-flex wp-container-core-columns-is-layout-9d6595d7 wp-block-columns-is-layout-flex\">\n<div class=\"wp-block-column is-layout-flow wp-block-column-is-layout-flow\"><\/div>\n<\/div>\n<\/div>\n<\/div>\n\n\n\n<p><\/p>\n","protected":false},"excerpt":{"rendered":"<p>Den barmhjertige samaritan Et politisk danseteater om m\u00f8te med fattige tilreisende Ideen og inspirasjonen til prosjektet fikk jeg gjennom mitt m\u00f8te med gatemusikant Madalin-Florin Lupu h\u00f8sten 2013. Media presenterer et unyansert bilde, men jeg \u00f8nsket \u00e5 bli kjent med situasjonen til de fattige tilreisende. Og det er det som er hovedm\u00e5lsetningen med dette prosjektet: \u00e5 [&hellip;]<\/p>\n","protected":false},"author":1,"featured_media":0,"parent":55,"menu_order":0,"comment_status":"closed","ping_status":"closed","template":"","meta":{"_coblocks_attr":"","_coblocks_dimensions":"","_coblocks_responsive_height":"","_coblocks_accordion_ie_support":"","hide_page_title":"","footnotes":""},"class_list":["post-209","page","type-page","status-publish","hentry"],"yoast_head":"<!-- This site is optimized with the Yoast SEO plugin v26.2 - https:\/\/yoast.com\/wordpress\/plugins\/seo\/ -->\n<title>Den barmhjertige samaritan - Sigmund Hegstad - dansekunstner<\/title>\n<meta name=\"robots\" content=\"index, follow, max-snippet:-1, max-image-preview:large, max-video-preview:-1\" \/>\n<link rel=\"canonical\" href=\"https:\/\/sigmundhegstad.no\/index.php\/prosjekter\/den-barmhjertige-samaritan\/\" \/>\n<meta property=\"og:locale\" content=\"nb_NO\" \/>\n<meta property=\"og:type\" content=\"article\" \/>\n<meta property=\"og:title\" content=\"Den barmhjertige samaritan - Sigmund Hegstad - dansekunstner\" \/>\n<meta property=\"og:description\" content=\"Den barmhjertige samaritan Et politisk danseteater om m\u00f8te med fattige tilreisende Ideen og inspirasjonen til prosjektet fikk jeg gjennom mitt m\u00f8te med gatemusikant Madalin-Florin Lupu h\u00f8sten 2013. Media presenterer et unyansert bilde, men jeg \u00f8nsket \u00e5 bli kjent med situasjonen til de fattige tilreisende. Og det er det som er hovedm\u00e5lsetningen med dette prosjektet: \u00e5 [&hellip;]\" \/>\n<meta property=\"og:url\" content=\"https:\/\/sigmundhegstad.no\/index.php\/prosjekter\/den-barmhjertige-samaritan\/\" \/>\n<meta property=\"og:site_name\" content=\"Sigmund Hegstad - dansekunstner\" \/>\n<meta property=\"article:modified_time\" content=\"2026-04-19T18:12:08+00:00\" \/>\n<meta property=\"og:image\" content=\"https:\/\/sigmundhegstad.no\/wp-content\/uploads\/2026\/04\/Barmhj-sam-web.jpg\" \/>\n\t<meta property=\"og:image:width\" content=\"1080\" \/>\n\t<meta property=\"og:image:height\" content=\"720\" \/>\n\t<meta property=\"og:image:type\" content=\"image\/jpeg\" \/>\n<meta name=\"twitter:card\" content=\"summary_large_image\" \/>\n<meta name=\"twitter:label1\" content=\"Ansl. lesetid\" \/>\n\t<meta name=\"twitter:data1\" content=\"2 minutter\" \/>\n<script type=\"application\/ld+json\" class=\"yoast-schema-graph\">{\"@context\":\"https:\/\/schema.org\",\"@graph\":[{\"@type\":\"WebPage\",\"@id\":\"https:\/\/sigmundhegstad.no\/index.php\/prosjekter\/den-barmhjertige-samaritan\/\",\"url\":\"https:\/\/sigmundhegstad.no\/index.php\/prosjekter\/den-barmhjertige-samaritan\/\",\"name\":\"Den barmhjertige samaritan - Sigmund Hegstad - dansekunstner\",\"isPartOf\":{\"@id\":\"https:\/\/sigmundhegstad.no\/#website\"},\"primaryImageOfPage\":{\"@id\":\"https:\/\/sigmundhegstad.no\/index.php\/prosjekter\/den-barmhjertige-samaritan\/#primaryimage\"},\"image\":{\"@id\":\"https:\/\/sigmundhegstad.no\/index.php\/prosjekter\/den-barmhjertige-samaritan\/#primaryimage\"},\"thumbnailUrl\":\"https:\/\/sigmundhegstad.no\/wp-content\/uploads\/2026\/04\/Barmhj-sam-web-1024x683.jpg\",\"datePublished\":\"2026-04-19T17:34:22+00:00\",\"dateModified\":\"2026-04-19T18:12:08+00:00\",\"breadcrumb\":{\"@id\":\"https:\/\/sigmundhegstad.no\/index.php\/prosjekter\/den-barmhjertige-samaritan\/#breadcrumb\"},\"inLanguage\":\"nb-NO\",\"potentialAction\":[{\"@type\":\"ReadAction\",\"target\":[\"https:\/\/sigmundhegstad.no\/index.php\/prosjekter\/den-barmhjertige-samaritan\/\"]}]},{\"@type\":\"ImageObject\",\"inLanguage\":\"nb-NO\",\"@id\":\"https:\/\/sigmundhegstad.no\/index.php\/prosjekter\/den-barmhjertige-samaritan\/#primaryimage\",\"url\":\"https:\/\/sigmundhegstad.no\/wp-content\/uploads\/2026\/04\/Barmhj-sam-web.jpg\",\"contentUrl\":\"https:\/\/sigmundhegstad.no\/wp-content\/uploads\/2026\/04\/Barmhj-sam-web.jpg\",\"width\":1080,\"height\":720},{\"@type\":\"BreadcrumbList\",\"@id\":\"https:\/\/sigmundhegstad.no\/index.php\/prosjekter\/den-barmhjertige-samaritan\/#breadcrumb\",\"itemListElement\":[{\"@type\":\"ListItem\",\"position\":1,\"name\":\"Hjem\",\"item\":\"https:\/\/sigmundhegstad.no\/\"},{\"@type\":\"ListItem\",\"position\":2,\"name\":\"Prosjekter\",\"item\":\"https:\/\/sigmundhegstad.no\/\"},{\"@type\":\"ListItem\",\"position\":3,\"name\":\"Den barmhjertige samaritan\"}]},{\"@type\":\"WebSite\",\"@id\":\"https:\/\/sigmundhegstad.no\/#website\",\"url\":\"https:\/\/sigmundhegstad.no\/\",\"name\":\"Sigmund Hegstad - dansekunstner\",\"description\":\"\",\"potentialAction\":[{\"@type\":\"SearchAction\",\"target\":{\"@type\":\"EntryPoint\",\"urlTemplate\":\"https:\/\/sigmundhegstad.no\/?s={search_term_string}\"},\"query-input\":{\"@type\":\"PropertyValueSpecification\",\"valueRequired\":true,\"valueName\":\"search_term_string\"}}],\"inLanguage\":\"nb-NO\"}]}<\/script>\n<!-- \/ Yoast SEO plugin. -->","yoast_head_json":{"title":"Den barmhjertige samaritan - Sigmund Hegstad - dansekunstner","robots":{"index":"index","follow":"follow","max-snippet":"max-snippet:-1","max-image-preview":"max-image-preview:large","max-video-preview":"max-video-preview:-1"},"canonical":"https:\/\/sigmundhegstad.no\/index.php\/prosjekter\/den-barmhjertige-samaritan\/","og_locale":"nb_NO","og_type":"article","og_title":"Den barmhjertige samaritan - Sigmund Hegstad - dansekunstner","og_description":"Den barmhjertige samaritan Et politisk danseteater om m\u00f8te med fattige tilreisende Ideen og inspirasjonen til prosjektet fikk jeg gjennom mitt m\u00f8te med gatemusikant Madalin-Florin Lupu h\u00f8sten 2013. Media presenterer et unyansert bilde, men jeg \u00f8nsket \u00e5 bli kjent med situasjonen til de fattige tilreisende. Og det er det som er hovedm\u00e5lsetningen med dette prosjektet: \u00e5 [&hellip;]","og_url":"https:\/\/sigmundhegstad.no\/index.php\/prosjekter\/den-barmhjertige-samaritan\/","og_site_name":"Sigmund Hegstad - dansekunstner","article_modified_time":"2026-04-19T18:12:08+00:00","og_image":[{"width":1080,"height":720,"url":"https:\/\/sigmundhegstad.no\/wp-content\/uploads\/2026\/04\/Barmhj-sam-web.jpg","type":"image\/jpeg"}],"twitter_card":"summary_large_image","twitter_misc":{"Ansl. lesetid":"2 minutter"},"schema":{"@context":"https:\/\/schema.org","@graph":[{"@type":"WebPage","@id":"https:\/\/sigmundhegstad.no\/index.php\/prosjekter\/den-barmhjertige-samaritan\/","url":"https:\/\/sigmundhegstad.no\/index.php\/prosjekter\/den-barmhjertige-samaritan\/","name":"Den barmhjertige samaritan - Sigmund Hegstad - dansekunstner","isPartOf":{"@id":"https:\/\/sigmundhegstad.no\/#website"},"primaryImageOfPage":{"@id":"https:\/\/sigmundhegstad.no\/index.php\/prosjekter\/den-barmhjertige-samaritan\/#primaryimage"},"image":{"@id":"https:\/\/sigmundhegstad.no\/index.php\/prosjekter\/den-barmhjertige-samaritan\/#primaryimage"},"thumbnailUrl":"https:\/\/sigmundhegstad.no\/wp-content\/uploads\/2026\/04\/Barmhj-sam-web-1024x683.jpg","datePublished":"2026-04-19T17:34:22+00:00","dateModified":"2026-04-19T18:12:08+00:00","breadcrumb":{"@id":"https:\/\/sigmundhegstad.no\/index.php\/prosjekter\/den-barmhjertige-samaritan\/#breadcrumb"},"inLanguage":"nb-NO","potentialAction":[{"@type":"ReadAction","target":["https:\/\/sigmundhegstad.no\/index.php\/prosjekter\/den-barmhjertige-samaritan\/"]}]},{"@type":"ImageObject","inLanguage":"nb-NO","@id":"https:\/\/sigmundhegstad.no\/index.php\/prosjekter\/den-barmhjertige-samaritan\/#primaryimage","url":"https:\/\/sigmundhegstad.no\/wp-content\/uploads\/2026\/04\/Barmhj-sam-web.jpg","contentUrl":"https:\/\/sigmundhegstad.no\/wp-content\/uploads\/2026\/04\/Barmhj-sam-web.jpg","width":1080,"height":720},{"@type":"BreadcrumbList","@id":"https:\/\/sigmundhegstad.no\/index.php\/prosjekter\/den-barmhjertige-samaritan\/#breadcrumb","itemListElement":[{"@type":"ListItem","position":1,"name":"Hjem","item":"https:\/\/sigmundhegstad.no\/"},{"@type":"ListItem","position":2,"name":"Prosjekter","item":"https:\/\/sigmundhegstad.no\/"},{"@type":"ListItem","position":3,"name":"Den barmhjertige samaritan"}]},{"@type":"WebSite","@id":"https:\/\/sigmundhegstad.no\/#website","url":"https:\/\/sigmundhegstad.no\/","name":"Sigmund Hegstad - dansekunstner","description":"","potentialAction":[{"@type":"SearchAction","target":{"@type":"EntryPoint","urlTemplate":"https:\/\/sigmundhegstad.no\/?s={search_term_string}"},"query-input":{"@type":"PropertyValueSpecification","valueRequired":true,"valueName":"search_term_string"}}],"inLanguage":"nb-NO"}]}},"_links":{"self":[{"href":"https:\/\/sigmundhegstad.no\/index.php\/wp-json\/wp\/v2\/pages\/209","targetHints":{"allow":["GET"]}}],"collection":[{"href":"https:\/\/sigmundhegstad.no\/index.php\/wp-json\/wp\/v2\/pages"}],"about":[{"href":"https:\/\/sigmundhegstad.no\/index.php\/wp-json\/wp\/v2\/types\/page"}],"author":[{"embeddable":true,"href":"https:\/\/sigmundhegstad.no\/index.php\/wp-json\/wp\/v2\/users\/1"}],"replies":[{"embeddable":true,"href":"https:\/\/sigmundhegstad.no\/index.php\/wp-json\/wp\/v2\/comments?post=209"}],"version-history":[{"count":11,"href":"https:\/\/sigmundhegstad.no\/index.php\/wp-json\/wp\/v2\/pages\/209\/revisions"}],"predecessor-version":[{"id":230,"href":"https:\/\/sigmundhegstad.no\/index.php\/wp-json\/wp\/v2\/pages\/209\/revisions\/230"}],"up":[{"embeddable":true,"href":"https:\/\/sigmundhegstad.no\/index.php\/wp-json\/wp\/v2\/pages\/55"}],"wp:attachment":[{"href":"https:\/\/sigmundhegstad.no\/index.php\/wp-json\/wp\/v2\/media?parent=209"}],"curies":[{"name":"wp","href":"https:\/\/api.w.org\/{rel}","templated":true}]}}